{"id":527,"date":"2021-05-02T12:52:28","date_gmt":"2021-05-02T10:52:28","guid":{"rendered":"https:\/\/bfscg.me\/?page_id=527"},"modified":"2024-06-19T10:10:57","modified_gmt":"2024-06-19T08:10:57","slug":"prijava-za-takmicenje","status":"publish","type":"page","link":"https:\/\/bfscg.me\/?page_id=527","title":{"rendered":"Prijava za takmi\u010denje"},"content":{"rendered":"\t\t<div data-elementor-type=\"wp-page\" data-elementor-id=\"527\" class=\"elementor elementor-527\">\n\t\t\t\t\t\t<section class=\"elementor-section elementor-top-section elementor-element elementor-element-027c6ed elementor-section-boxed elementor-section-height-default elementor-section-height-default\" data-id=\"027c6ed\" data-element_type=\"section\" data-e-type=\"section\">\n\t\t\t\t\t\t<div class=\"elementor-container elementor-column-gap-default\">\n\t\t\t\t\t<div class=\"elementor-column elementor-col-100 elementor-top-column elementor-element elementor-element-77d00fe\" data-id=\"77d00fe\" data-element_type=\"column\" data-e-type=\"column\">\n\t\t\t<div class=\"elementor-widget-wrap elementor-element-populated\">\n\t\t\t\t\t\t<div class=\"elementor-element elementor-element-a49bf5a elementor-widget elementor-widget-text-editor\" data-id=\"a49bf5a\" data-element_type=\"widget\" data-e-type=\"widget\" data-widget_type=\"text-editor.default\">\n\t\t\t\t<div class=\"elementor-widget-container\">\n\t\t\t\t\t\t\t\t\t<p><a href=\"https:\/\/bfscg.me\/wp-content\/uploads\/2024\/06\/ZAHTJEV-ZA-PRIJAVU-NA-MEDJUNARODNO-TAKMICENJE-2024.pdf\">ZAHTJEV ZA PRIJAVU NA ME\u0110UNARODNO TAKMI\u010cENJE 2024<\/a><\/p><p><a href=\"https:\/\/bfscg.me\/wp-content\/uploads\/2024\/03\/PRIJAVA-ZA-TAKMICARE-OPEN-KUP-2023-1.pdf\">PRIJAVA ZA TAKMI\u010cARE &#8211; NACIONALNO PRVENSTVO 2023.<\/a><\/p><p><a href=\"https:\/\/bfscg.me\/wp-content\/uploads\/2024\/03\/PRIJAVA-ZA-TAKMICARE-OPEN-KUP-2023.pdf\">PRIJAVA ZA TAKMI\u010cARE &#8211; MONTENEGRO OPEN KUP 2023.<\/a><\/p><p><a href=\"https:\/\/bfscg.me\/wp-content\/uploads\/2022\/03\/PRIJAVA-ZA-KLUBOVE-NACIONALNO-2022..pdf\"> KLUBOVE &#8211; NACIONALNO 2022.<\/a><\/p><p><a href=\"https:\/\/bfscg.me\/wp-content\/uploads\/2022\/03\/PRIJAVA-ZA-TAKMICARE-NACIONALNO-2022..pdf\">PRIJAVA ZA TAKMI\u010cARE &#8211; NACIONALNO 2022.<\/a><\/p>\t\t\t\t\t\t\t\t<\/div>\n\t\t\t\t<\/div>\n\t\t\t\t\t<\/div>\n\t\t<\/div>\n\t\t\t\t\t<\/div>\n\t\t<\/section>\n\t\t\t\t<\/div>\n\t\t","protected":false},"excerpt":{"rendered":"<p>ZAHTJEV ZA PRIJAVU NA ME\u0110UNARODNO TAKMI\u010cENJE 2024 PRIJAVA ZA TAKMI\u010cARE &#8211; NACIONALNO PRVENSTVO 2023. PRIJAVA ZA TAKMI\u010cARE &#8211; MONTENEGRO OPEN KUP 2023. KLUBOVE &#8211; NACIONALNO 2022. PRIJAVA ZA TAKMI\u010cARE &#8211; NACIONALNO 2022.<\/p>\n","protected":false},"author":2,"featured_media":0,"parent":0,"menu_order":0,"comment_status":"closed","ping_status":"closed","template":"","meta":{"site-sidebar-layout":"no-sidebar","site-content-layout":"page-builder","ast-site-content-layout":"default","site-content-style":"default","site-sidebar-style":"default","ast-global-header-display":"","ast-banner-title-visibility":"","ast-main-header-display":"","ast-hfb-above-header-display":"","ast-hfb-below-header-display":"","ast-hfb-mobile-header-display":"","site-post-title":"disabled","ast-breadcrumbs-content":"","ast-featured-img":"disabled","footer-sml-layout":"","ast-disable-related-posts":"","theme-transparent-header-meta":"default","adv-header-id-meta":"","stick-header-meta":"","header-above-stick-meta":"","header-main-stick-meta":"","header-below-stick-meta":"","astra-migrate-meta-layouts":"default","ast-page-background-enabled":"default","ast-page-background-meta":{"desktop":{"background-color":"","background-image":"","background-repeat":"repeat","background-position":"center center","background-size":"auto","background-attachment":"scroll","background-type":"","background-media":"","overlay-type":"","overlay-color":"","overlay-opacity":"","overlay-gradient":""},"tablet":{"background-color":"","background-image":"","background-repeat":"repeat","background-position":"center center","background-size":"auto","background-attachment":"scroll","background-type":"","background-media":"","overlay-type":"","overlay-color":"","overlay-opacity":"","overlay-gradient":""},"mobile":{"background-color":"","background-image":"","background-repeat":"repeat","background-position":"center center","background-size":"auto","background-attachment":"scroll","background-type":"","background-media":"","overlay-type":"","overlay-color":"","overlay-opacity":"","overlay-gradient":""}},"ast-content-background-meta":{"desktop":{"background-color":"var(--ast-global-color-5)","background-image":"","background-repeat":"repeat","background-position":"center center","background-size":"auto","background-attachment":"scroll","background-type":"","background-media":"","overlay-type":"","overlay-color":"","overlay-opacity":"","overlay-gradient":""},"tablet":{"background-color":"var(--ast-global-color-5)","background-image":"","background-repeat":"repeat","background-position":"center center","background-size":"auto","background-attachment":"scroll","background-type":"","background-media":"","overlay-type":"","overlay-color":"","overlay-opacity":"","overlay-gradient":""},"mobile":{"background-color":"var(--ast-global-color-5)","background-image":"","background-repeat":"repeat","background-position":"center center","background-size":"auto","background-attachment":"scroll","background-type":"","background-media":"","overlay-type":"","overlay-color":"","overlay-opacity":"","overlay-gradient":""}},"footnotes":""},"class_list":["post-527","page","type-page","status-publish","hentry"],"_links":{"self":[{"href":"https:\/\/bfscg.me\/index.php?rest_route=\/wp\/v2\/pages\/527","targetHints":{"allow":["GET"]}}],"collection":[{"href":"https:\/\/bfscg.me\/index.php?rest_route=\/wp\/v2\/pages"}],"about":[{"href":"https:\/\/bfscg.me\/index.php?rest_route=\/wp\/v2\/types\/page"}],"author":[{"embeddable":true,"href":"https:\/\/bfscg.me\/index.php?rest_route=\/wp\/v2\/users\/2"}],"replies":[{"embeddable":true,"href":"https:\/\/bfscg.me\/index.php?rest_route=%2Fwp%2Fv2%2Fcomments&post=527"}],"version-history":[{"count":5,"href":"https:\/\/bfscg.me\/index.php?rest_route=\/wp\/v2\/pages\/527\/revisions"}],"predecessor-version":[{"id":1582,"href":"https:\/\/bfscg.me\/index.php?rest_route=\/wp\/v2\/pages\/527\/revisions\/1582"}],"wp:attachment":[{"href":"https:\/\/bfscg.me\/index.php?rest_route=%2Fwp%2Fv2%2Fmedia&parent=527"}],"curies":[{"name":"wp","href":"https:\/\/api.w.org\/{rel}","templated":true}]}}